or of d and 9?
9
Suppose -x + 84 + 364 = 0. Suppose 2*d = -4*u + x, -u + 5*d + 84 = -6. Suppose m + m = u. What is the highest common factor of m and 22?
11
Let y(x) = x + 1. Let g be y(-1). Let l be 9 + g + 1 + -5. Calculate the greatest common factor of l and 25.
5
Let c be (-1)/(-7) - (-186)/21. Suppose 1 - 9 = -2*w, 2*i = 4*w + 2. Let t be (-4)/(-18) + 727/i. What is the greatest common divisor of c and t?
9
Suppose 0*u = 3*u - 36. Let w be 1*(1 + 22) - -1. What is the highest common divisor of u and w?
12
Suppose 0 = -0*y - 2*y + 2. Calculate the greatest common factor of 8 and y.
1
Suppose 41 = 5*h + 2*n - 66, 3*n = 3. Suppose 3*q - 7 = -1. Let u be ((-1)/q)/((-3)/1008). Calculate the greatest common factor of u and h.
21
Let l be (17 - -1)*39/6. Let x be (60/9)/(4/6). Suppose u - 3*n = -0*u + 19, 5*n = -x. Calculate the greatest common divisor of u and l.
13
Let z(w) = 0*w + 3*w + 3 - 2*w. Let b be z(-2). Let f be b + (0 - 0 - -23). What is the greatest common divisor of 240 and f?
24
Let j = 70 - 47. Calculate the greatest common divisor of 161 and j.
23
Let g be -6 - (-4)/2 - -8. What is the greatest common divisor of g and 6?
2
Let n be (6/((-36)/858))/(0 - 1). Let l(r) = r**2 - 7*r - 5. Suppose -2*y + 17 = -1. Let w be l(y). Calculate the highest common divisor of n and w.
13
Let k(w) = w**3 + 11*w**2 - 3*w - 13. Let h be k(-11). Calculate the highest common divisor of 10 and h.
10
Let d be 4/(-18) - (-38)/9. Suppose 8 = -2*g + d*g. Suppose 2*t + 521 = 5*z, g*z + 2*t = -z + 529. Calculate the greatest common factor of z and 15.
15
Suppose 8 = 2*g, -3*v - 2*g = -7*v. What is the greatest common divisor of v and 12?
2
Suppose 5*r = 191 + 44. Let v = r + -29. Calculate the highest common factor of v and 36.
18
Let l(z) = z + 7. Let q be l(13). What is the highest common divisor of 220 and q?
20
Let h be 35*(4/(-20) + 1). What is the greatest common divisor of h and 7?
7
Suppose -4 = x + d, -5*x - 7 = -2*d + 13. Let v = 12 - x. Calculate the greatest common factor of 32 and v.
16
Let t(q) = -q**2 - 2*q + 51. Let s(k) = k**2 + 3*k - 52. Let g(b) = 3*s(b) + 4*t(b). Let y be g(0). Calculate the greatest common divisor of y and 12.
12
Let c(w) = 0*w**2 + 3*w + 4*w**2 - w**2 + 3 - w**3 - 6. Let m be c(3). Let o be 1/3 - (-478)/m. Calculate the greatest common factor of o and 16.
16
Let z be -1 + 28 - (3 - 8 - -2). What is the greatest common factor of z and 10?
10
Let r be (-2)/(-7) - (-23)/(-7). Let x be 9/(-6)*8/r. Let u be 2*(-6)/x - -113. What is the greatest common factor of 10 and u?
10
Let a be 40/3*((-15)/(-12) + 1). What is the highest common factor of 240 and a?
30
Let q = 24 + 54. What is the greatest common factor of 13 and q?
13
Let u(m) = 11*m. Let h be u(2). Suppose 0 = -p + 24 + 31. What is the greatest common divisor of p and h?
11
Let x be (-1)/2*1*-10. Let w be (2/4*0)/2. Suppose w = -h - 2*o + 34, x*h - 122 - 48 = 2*o. Calculate the greatest common factor of h and 85.
17
Suppose 0*g - 3*r + 282 = 2*g, 2*r + 4 = 0. Calculate the greatest common factor of g and 36.
36
Suppose -8 = 2*d - 0. Let y be d/3*78/4. Let b = y + 42. Calculate the highest common divisor of b and 128.
16
Let o = 8 + 32. What is the highest common factor of o and 8?
8
Let p(x) be the first derivative of 7*x - 1/4*x**4 + 1/3*x**3 - 2 + 0*x**2. Let q be p(0). Calculate the highest common factor of 1 and q.
1
Suppose -45 = -3*l + 5*n, 4*l - 109 = -3*n - 20. Let b be (-1)/(-2 + 38/l). What is the highest common factor of b and 70?
10
Let k(g) = -2 + g + 15 - 2*g. Suppose -v = 3*v. Let f be k(v). Calculate the highest common divisor of 143 and f.
13
Let v(p) = 21*p**2 - p + 1. Let r be v(1). What is the highest common factor of r and 84?
21
Let l(a) = a**2 + 13*a - 22. Let b be l(-18). Calculate the greatest common divisor of 17 and b.
17
Let u be 3 - 6 - (0 - 5). Suppose 0 = -5*j - 2*c + 55, -17 = -2*j - u*c + 5. What is the greatest common factor of j and 33?
11
Let y be (-29)/(-2) - (-2)/(-4). What is the greatest common factor of y and 56?
14
Let j(r) = 22*r**2. Suppose -2 = 5*t - 7. Let c be j(t). Calculate the highest common factor of 44 and c.
22
Suppose -10 = 2*u + 4*f, 0 + 34 = -4*u - f. Let c be 8/(-4) - (u + 1). Calculate the highest common factor of c and 30.
6
Let r(b) be the first derivative of 4*b**3/3 - 7*b**2/2 + 5*b + 4. Let q be r(7). Calculate the greatest common divisor of q and 19.
19
Let j be ((-105)/(-5))/((-3)/2). Let d be (24/j)/(2/(-7)). What is the highest common factor of 3 and d?
3
Suppose -y - 4*y + 145 = 0. What is the highest common factor of y and 87?
29
Let v(q) = -q**2 - 5*q. Let n be v(-5). Suppose n*b = -4*b + 80. Calculate the highest common factor of 20 and b.
20
Let o(v) = 2*v + 6. Let j be o(-4). Let u = 5 + j. Suppose -562 = -6*l + 2*l + 5*m, u*l = m + 427. Calculate the highest common factor of 13 and l.
13
Suppose -3*y - 35 = -4*p - 4*y, 29 = 3*p - 2*y. Suppose 3*d = -4*q + p, -3*q - d = -3*d - 28. What is the highest common factor of q and 24?
6
Suppose 3*z + 160 = 5*z. Let h be 15/4*z/12. What is the greatest common factor of h and 100?
25
Let w(r) = -2*r**2 - 16*r - 2. Let b be w(-7). Suppose 0 = -3*s - 2*s + 660. What is the highest common divisor of b and s?
12
Suppose -2 = -2*z + 6. Suppose -u = -4 - 1, 4*y = 2*u + 14. Calculate the greatest common divisor of z and y.
2
Suppose 7*q = 5*q + 250. Calculate the highest common divisor of q and 25.
25
Suppose -b + 3*b = -5*o + 828, -b + 496 = 3*o. Suppose 2*y - o = -3*t + 6*y, t - 56 = y. Let p = 47 - 23. What is the highest common divisor of t and p?
12
Let c be 27/36 + 493/4. Calculate the greatest common divisor of 31 and c.
31
Let u = -1 - -10. Suppose 2*j + u = -11. Let z be j/(-15)*18/4. What is the greatest common divisor of 6 and z?
3
Let c be 11 + -6*(-1)/(-2)*-1. What is the highest common factor of 28 and c?
14
Suppose -5*r = -0*r - 3*p - 267, 3*r + 4*p - 137 = 0. What is the highest common divisor of 17 and r?
17
Let l be (-2712)/54 + 2/9. Let v = l - -86. Let r be (15 - 2/(-2)) + 2. What is the highest common factor of r and v?
18
Suppose 2*k = 4*c - 170, -5*c = -0*c - 4*k - 205. Suppose -17*p + 19*p + 44 = 0. Let z = p - -31. What is the highest common divisor of c and z?
9
Let t(w) = 2*w**2 - 5*w + 4. Let j be t(5). Let c be j + (-3 - -1 - 0). What is the highest common divisor of 3 and c?
3
Suppose 2*z - 48 = 16. What is the highest common divisor of z and 16?
16
Suppose 0 = y - 0*y + 3*n - 11, 0 = -n + 1. Let u be ((-756)/(-3))/3 - -4. What is the greatest common divisor of u and y?
8
Suppose -4*g = -3*l - 3, -4*l = -10 + 30. Let h = 14 + g. Calculate the greatest common divisor of 77 and h.
11
Let z be (3/(-2))/(4/(-8)). Suppose 0*h + 43 = 5*u - 3*h, 5 = u + z*h. What is the highest common factor of 56 and u?
8
Let j be 6/16 - (-596)/32. Calculate the greatest common factor of 209 and j.
19
Let h = 9 - 4. Let y(s) = 3*s**2 - 3*s - 6. Let n be y(h). Suppose -6*w = -w - 30. What is the highest common divisor of w and n?
6
Suppose 7*g - 2*g - 5 = 0. Suppose -4*t - 2*i + 4*i - 8 = 0, t = 5*i + 7. Let z be (2/(-4))/(t/66). What is the highest common divisor of z and g?
1
Suppose -7*y + 2*y + 225 = 0. Let x be (-6)/2 - -2 - -31. What is the highest common divisor of y and x?
15
Suppose 0 = b - v - 7, -b - 8*v + 27 = -4*v. Calculate the highest common divisor of b and 88.
11
Suppose 5*n - 103 - 17 = 0. Calculate the highest common factor of 36 and n.
12
Let f(u) = u**2 - 3*u. Let m be f(3). Suppose 0 = -m*r - 2*r + 12. What is the highest common divisor of 6 and r?
6
Let r(b) = -133*b**3 + 2*b + 1. Let l be r(-1). Suppose -l - 193 = -5*n. Let m = 27 + -1. What is the highest common divisor of m and n?
13
Let b(h) = -4 + 0*h**3 + 3 + 2 - 4*h - h**3. Let i be b(-3). Calculate the highest common factor of 5 and i.
5
Let p be 1 - (-3)/((-12)/(-56)). Suppose -h - 2 = -2*h. Suppose -5*b - 32 = -h*y, -5*y + b + 22 = 3*b. What is the greatest common factor of p and y?
3
Let b(i) = 6*i**2 - 8*i + 7. Let j be b(5). What is the highest common divisor of j and 13?
13
Suppose 2*m = 3 + 31. Calculate the greatest common divisor of 51 and m.
17
Let x(o) = 55*o**2 - 1. Let a be x(-1). Suppose 0*g - 4 = 2*g - 4*d, 3*g + 4*d = 34. What is the highest common diviso